t derivative of t(f). Give u(6).
-5
Let m(q) = 2*q - 1. Suppose 101*c - 97*c - 28 = 0. What is m(c)?
13
Suppose l = 2*l - 5*y + 10, 0 = l - 4*y + 7. Let h(c) = 4*c - l*c - 8 + c**3 + 2*c + c**2. Determine h(0).
-8
Let g(l) = -l - 27. Let a be ((-11)/7)/(27/189). Give g(a).
-16
Let p(y) = -y**3 - 7*y**2 - 5*y + 3. Suppose -2*m + 4 = 4*g, 2*m - 39 = -g + 4*g. Suppose -r - r - m = 0. Give p(r).
-3
Let a = -11 + 13. Suppose -3*h + 30 = a*h. Suppose -h*y - 5 = -5*y. Let n(z) = z**3 + 5*z**2 - z - 6. Calculate n(y).
-1
Let t(n) be the third derivative of 0 + 1/12*n**4 + 7*n**2 + 0*n + 1/3*n**3. Give t(5).
12
Let k(r) = -r**3 - 2*r**2 + 4. Let s be 377/(-87) - 4/(-3). Give k(s).
13
Let s(u) = -u**2 - 11*u - 4. Let t = -127 - -129. Suppose 3*n = t*n - 11. Determine s(n).
-4
Let r(s) = -3*s + 27. Let y(n) = 3*n - 26. Let l(x) = 9*r(x) + 8*y(x). Give l(14).
-7
Let h(q) = -16*q**2 - 9. Let v(j) be the second derivative of -j**4/4 - j**2 + 2*j. Let i(n) = 2*h(n) - 11*v(n). Give i(0).
4
Let z(r) be the first derivative of -r**4/4 - 2*r**3/3 + 3*r**2/2 + 2*r - 107. Suppose -12 - 3 = 5*k. Determine z(k).
2
Let l(s) be the first derivative of 1/12*s**4 + 0*s - 1/2*s**2 + 1/3*s**3 - 8. Let c(y) be the second derivative of l(y). Give c(-2).
-2
Let x(n) = -14*n**3 + n. Let z(o) = o**2 + 0 + 43*o + 1 - 48*o - 2. Let f be z(5). What is x(f)?
13
Suppose 0 = 16*h - 90 + 218. Let d(m) = -m**2 - 7*m + 7. Determine d(h).
-1
Let k(o) = -o + 6. Let n(g) = g**3 - 3*g**2 - 2*g - 4. Let s be n(4). Suppose -5*b = -0*b - 175. Suppose 0*m - u = 5*m - b, 3*m = s*u - 2. Calculate k(m).
0
Suppose -4*u = -3*u - 14. Suppose r = 8 - u. Let q(h) be the second derivative of -h**4/12 - 7*h**3/6 - 3*h**2/2 + h. Determine q(r).
3
Let y(d) be the second derivative of d - 1/6*d**3 - 1/12*d**4 + 0 - 11/2*d**2. Let b be 1 - (-3 - (-9)/(36/16)). Give y(b).
-11
Suppose -5*t - 3 = -c, 2*t = 5*c + 2 - 17. Suppose 2*h = -5*y + 50, 2*y - c*h = -h + 6. Let v(q) = -q + 11. What is v(y)?
3
Suppose 18 + 36 = 3*d. Let l be (-4)/d - (-87)/27. Let q(i) = 0*i**2 - i**2 - i**2 + i**l + 3*i**2. What is q(-1)?
0
Suppose -2*n = -4*n - 10. Let p(r) = -3*r**2 - 14*r + 5. Give p(n).
0
Let k(t) = -5*t - 12. Let b(r) = 4*r - 3. Let s be b(0). Give k(s).
3
Let o(l) = -l**3 - 9*l**2 - 11*l + 9. Let p(d) = -3*d**3 - 18*d**2 - 22*d + 17. Let b(u) = -5*o(u) + 2*p(u). Calculate b(10).
-1
Let k(h) = -h + 1. Suppose -4*d - d = -10. Let g(m) = m - 1. Let v be g(d). Calculate k(v).
0
Let t(n) = -9*n - 1. Suppose 0 = 13*l + 14 - 27. Give t(l).
-10
Let q(n) = 149*n - 55 + 145*n - 285*n. Give q(7).
8
Suppose -54 = 24*n - 33*n. Let b(x) be the third derivative of -x**6/120 + x**5/12 + 5*x**4/24 - x**3/2 - x**2. Calculate b(n).
-9
Let a(f) = 2*f - 43. Let y be 4 + 0 - (21 - 41). Let k be a(y). Let h(o) = -o**3 + 6*o**2 - 5*o. What is h(k)?
0
Let k(x) = 13*x - 43. Let c be (7*(-4)/16)/(1/4). Let o(d) = -9*d + 29. Let w(l) = c*o(l) - 5*k(l). Calculate w(9).
-6
Let c be 6*((-12)/9 - -2). Suppose -c*z - 7 - 1 = 0. Let u(v) = 6*v**2 - 2*v - 4. Let l(y) = -3*y**2 + y + 2. Let x(d) = -7*l(d) - 3*u(d). What is x(z)?
12
Let n = 167 + -173. Suppose -5*i + 2*z = -0*i - 15, -3*i = 5*z - 9. Let v(b) = -1 - i - 3 - 7*b - b**2 + 0. Give v(n).
-1
Suppose -4*r - 5*w - 16 = -2*r, 17 = -5*r - w. Let t be r/12 - 1/(-4). Let u(d) = 9*d + 1. Let h(l) = -4*l. Let a(x) = -7*h(x) - 3*u(x). Give a(t).
-3
Let k(q) = 8*q**3 + 20*q**2 + q + 10. Let w(h) = -7*h**3 - 18*h**2 - h - 9. Let y(f) = -6*k(f) - 7*w(f). Give y(-6).
-3
Let u(g) = g**3 + 11*g**2 + g + 12. Let q be u(-11). Let y(b) be the second derivative of b**3 + 6*b. Determine y(q).
6
Suppose -2*j = y + 3, -4*j - 20 = 2*y - 7*j. Let r(v) = -v**3 - 6*v**2 + 7*v - 9. What is r(y)?
-9
Let a(m) = -5 - m + 7*m + 4*m - 1 - m + m**2. What is a(-9)?
-6
Let r(v) = v**2 - 4*v - 7. Let x be r(6). Suppose -x*b + 2 = -3. Let o(n) be the third derivative of -n**5/30 - n**4/24 - n**2 - 2. Determine o(b).
-3
Let v(a) = -1 + a**2 - 1 - 4*a**2 - 2*a. Suppose -41*g = -26*g + 30. Calculate v(g).
-10
Let f = 25 - 18. Let d(u) = -3*u + 390 + 400 + 391 + 395 - 1572. Calculate d(f).
-17
Let p(l) be the second derivative of -l**4/4 - l**3 + 2*l**2 + 240*l. Give p(-3).
-5
Let c be -4 + 12/4 - -5. Suppose 17 = c*k - 7. Let l(r) = -2*r - 5*r + k*r - 1 - 3*r**2. Determine l(-1).
-3
Let a(x) be the third derivative of x**6/120 + x**5/10 + x**4/12 + x**3/2 - 63*x**2. Determine a(-6).
-9
Let c(q) = -13*q**3 - 11*q**2 + 4*q - 27. Let v(y) = 24*y**3 + 22*y**2 - 7*y + 52. Let z(l) = -11*c(l) - 6*v(l). What is z(-11)?
7
Suppose z - 32 + 12 = 0. Let q(y) = -4*y + 43*y**2 + 4 + y**3 - 2*y - z*y**2 - 16*y**2. Calculate q(-8).
-12
Let b(w) be the second derivative of w**5/20 + w**4/4 - w**3/2 - 2*w**2 + w. Let m be -5 - ((-4)/10 - (-144)/(-90)). Determine b(m).
5
Suppose 4*l = 4 + 20. Let w(j) = -2*j + 46*j**3 + l*j**2 + 2 - 45*j**3 - 8. Let x be w(-6). Let m(y) = -y**2 + 6*y + 7. Determine m(x).
7
Suppose 0 = 5*a - 9 - 11. Suppose -82 = a*b - 110. Let y(s) = -s**3 + 2*s**3 - 6*s**2 - 8*s + 3 + 1. Determine y(b).
-3
Let l be 2/5 - 4/10. Let i be l + (2 - (-8)/4). Let c(u) = -2*u + 4. Calculate c(i).
-4
Let h(a) = 2*a - 3. Let b be ((-2)/(-6))/((-12 - -1)/297). What is h(b)?
-21
Let i(t) = -t**3 + 3*t**2 + t + 1. Suppose 0 = 7*v - 5 - 9. Suppose -k - v = -4. What is i(k)?
7
Let l(n) = n**2 - 3*n - 2. Let f(p) = -2*p**3 + 19*p**2 + 124*p + 32. Let t be f(14). What is l(t)?
2
Suppose 2*d - 4 = -4*v, -4*d = 2*v + 2*v - 12. Let g(s) = 101*s**2 - 212*s**2 + 110*s**2 - 1 - 3*s. Calculate g(v).
1
Suppose 3*z - 3 = 3. Let t(k) = 2*k**2 + 7*k - 5*k**z + 7*k**2 - 7 - k**3. Let a = 0 + 5. Give t(a).
3
Let x(p) = -p**3 + 32*p**2 - 61*p + 23. Let r be x(30). Let o(v) = -v - 11. Give o(r).
-4
Let y(k) = k**2 + 2*k + 3. Let c(q) = -q + 18. Let w be c(8). Suppose -i + w = -6*i. Give y(i).
3
Let g(c) = c + 1. Let p be 21/(-3) + (-4)/4. Let f = -5 - p. Suppose 3*i - 12 = 4*j, 12 = 3*i - 4*j + f*j. What is g(i)?
5
Let j(d) = -d**3 - 3*d**2 + 5*d + 7. Let r(y) = 19*y - 138. Let a be r(7). Determine j(a).
32
Let t(i) = 2. Let l(d) = -d**2 - 9*d - 8. Let o(j) = l(j) + 6*t(j). Give o(-9).
4
Let g(y) = y**2 + 13*y - 16. Let q be g(-14). Let s be -2 - (q + 0 + (3 - -1)). Let u(m) be the third derivative of m**4/8 + 2*m**3/3 - 2*m**2. Calculate u(s).
-8
Let u(k) = -k**2 - 2*k. Let x be (-22)/(-2) + (-7)/(-7). Suppose 3*s = -s + x. What is u(s)?
-15
Let m(d) = -4*d**2 - 18*d - 5. Let f be m(-4). Let g(j) = 3*j + 1. Determine g(f).
10
Let a(x) be the first derivative of -x**4/4 - 2*x**3 - 2*x**2 - 2*x + 4. Suppose -16 - 4 = 4*l + 3*q, -15 = 3*l - 2*q. What is a(l)?
-7
Let o(p) = 7*p + 3. Suppose -3*z = -0*z - 3*l + 27, -5*l = -25. Determine o(z).
-25
Let f(q) = 112*q**3 + 2 + 2*q + 3*q**2 - 2*q**2 - 3*q**2 - 113*q**3. What is f(-3)?
5
Let h(y) be the second derivative of y**3/3 + y**2/2 - y - 6. Calculate h(2).
5
Let b(m) = -93*m + 468. Let a be b(5). Let z(y) = -7*y + 7. Determine z(a).
-14
Let o be 10 + -1 + (-5 - 2). Let c(r) = -r**3 + 2*r**2 - 2*r - 2. Give c(o).
-6
Let f(m) = 5*m - 2. Let q(n) = -n - 2. Let v(z) = f(z) + 6*q(z). Determine v(-6).
-8
Let x(v) be the first derivative of -v**3/3 - v**2 + 11*v + 256. Determine x(-5).
-4
Let n(v) = v - 3 + 1 - v**2 - 2*v. Let s be 5/(45/6) - (-215)/15. Suppose 0 = 3*j + s, 0*x + 21 = -2*x - 5*j. Determine n(x).
-8
Let k(z) be the second derivative of z**2 + 5*z + 0 + 1/3*z**3 - 1/12*z**4. Determine k(3).
-1
Let x(z) = -3*z - 7. Let h(r) = 7*r + 30. Let g(l) = -3*l - 15. Let v(m) = -7*g(m) - 4*h(m). Let a(u) = 6*v(u) - 13*x(u). Calculate a(7).
-20
Let n be 43/9 - (-36)/162. Let g(q) = -q + 2 + 0 - 3 + 0. Let k(r) = r + 6. Let m(f) = -2*g(f) - k(f). Calculate m(n).
1
Let w(c) be the second derivative of 1/12*c**4 + 0 + 2*c**2 - 5/6*c**3 + 12*c. What is w(6)?
10
Let g(i) = 2*i. Suppose -10*b - 12 = -12*b. Suppose -5*p = -5*j + 5, -2*j = -4*j - 2*p - b. Give g(j).
-2
Let m(v) = 4438*v - 28 - v**2 - 4438*v. What is m(0)?
-28
Let r(f) = f - 2*f**2 - 5*f + f + 0*f**2. Let c be ((-4)/20)/(2/20). Give r(c).
-2
Let s(f) = f - 5. Let u(r) = r**2 - 8*r + 14. Let i be u(7). Let j be s(i). Let m(n) = 2 + 28*n**j - 27*n**2 + 1 + 8*n. Determine m(-3).
-12
Let d(k) be the second derivative of k**5/20 - k**3/3 + 205*k. Determine d